{"id":382,"date":"2020-05-08T16:09:18","date_gmt":"2020-05-08T14:09:18","guid":{"rendered":"http:\/\/www.gitelatilette.be\/?page_id=382"},"modified":"2020-06-08T23:23:39","modified_gmt":"2020-06-08T21:23:39","slug":"het-huisje","status":"publish","type":"page","link":"https:\/\/www.gitelatilette.be\/index.php\/nl\/het-huisje\/","title":{"rendered":"Het huisje"},"content":{"rendered":"\n<p><strong>Het huisje bestaat uit :<\/strong><\/p>\n\n\n\n<p><strong>Eerste verdieping : <\/strong><\/p>\n\n\n\n<p>&#8211; Kamer 1 met 2 \u00e9\u00e9npersoonsbedden ; <img loading=\"lazy\" width=\"1728\" height=\"1296\" class=\"wp-image-467\" style=\"width: 150px;\" src=\"http:\/\/www.gitelatilette.be\/wp-content\/uploads\/2020\/06\/chambre-1-1.jpg\" alt=\"\" srcset=\"https:\/\/www.gitelatilette.be\/wp-content\/uploads\/2020\/06\/chambre-1-1.jpg 1728w, https:\/\/www.gitelatilette.be\/wp-content\/uploads\/2020\/06\/chambre-1-1-300x225.jpg 300w, https:\/\/www.gitelatilette.be\/wp-content\/uploads\/2020\/06\/chambre-1-1-1024x768.jpg 1024w, https:\/\/www.gitelatilette.be\/wp-content\/uploads\/2020\/06\/chambre-1-1-768x576.jpg 768w, https:\/\/www.gitelatilette.be\/wp-content\/uploads\/2020\/06\/chambre-1-1-1536x1152.jpg 1536w, https:\/\/www.gitelatilette.be\/wp-content\/uploads\/2020\/06\/chambre-1-1-1200x900.jpg 1200w\" sizes=\"(max-width: 709px) 85vw, (max-width: 909px) 67vw, (max-width: 1362px) 62vw, 840px\" \/><\/p>\n\n\n\n<p class=\"has-text-align-left\">&#8211; Kamer 2 met 3 \u00e9\u00e9npersoonsbedden ; <img loading=\"lazy\" width=\"1728\" height=\"1296\" class=\"wp-image-469\" style=\"width: 300px;\" src=\"http:\/\/www.gitelatilette.be\/wp-content\/uploads\/2020\/06\/chambre-2-1.jpg\" alt=\"\" srcset=\"https:\/\/www.gitelatilette.be\/wp-content\/uploads\/2020\/06\/chambre-2-1.jpg 1728w, https:\/\/www.gitelatilette.be\/wp-content\/uploads\/2020\/06\/chambre-2-1-300x225.jpg 300w, https:\/\/www.gitelatilette.be\/wp-content\/uploads\/2020\/06\/chambre-2-1-1024x768.jpg 1024w, https:\/\/www.gitelatilette.be\/wp-content\/uploads\/2020\/06\/chambre-2-1-768x576.jpg 768w, https:\/\/www.gitelatilette.be\/wp-content\/uploads\/2020\/06\/chambre-2-1-1536x1152.jpg 1536w, https:\/\/www.gitelatilette.be\/wp-content\/uploads\/2020\/06\/chambre-2-1-1200x900.jpg 1200w\" sizes=\"(max-width: 709px) 85vw, (max-width: 909px) 67vw, (max-width: 1362px) 62vw, 840px\" \/><img loading=\"lazy\" width=\"1728\" height=\"1296\" class=\"wp-image-468\" style=\"width: 300px;\" src=\"http:\/\/www.gitelatilette.be\/wp-content\/uploads\/2020\/06\/chambre-2-3eme-lit-1.jpg\" alt=\"\" srcset=\"https:\/\/www.gitelatilette.be\/wp-content\/uploads\/2020\/06\/chambre-2-3eme-lit-1.jpg 1728w, https:\/\/www.gitelatilette.be\/wp-content\/uploads\/2020\/06\/chambre-2-3eme-lit-1-300x225.jpg 300w, https:\/\/www.gitelatilette.be\/wp-content\/uploads\/2020\/06\/chambre-2-3eme-lit-1-1024x768.jpg 1024w, https:\/\/www.gitelatilette.be\/wp-content\/uploads\/2020\/06\/chambre-2-3eme-lit-1-768x576.jpg 768w, https:\/\/www.gitelatilette.be\/wp-content\/uploads\/2020\/06\/chambre-2-3eme-lit-1-1536x1152.jpg 1536w, https:\/\/www.gitelatilette.be\/wp-content\/uploads\/2020\/06\/chambre-2-3eme-lit-1-1200x900.jpg 1200w\" sizes=\"(max-width: 709px) 85vw, (max-width: 909px) 67vw, (max-width: 1362px) 62vw, 840px\" \/><\/p>\n\n\n\n<p>&#8211; Kamer 3 met 2 \u00e9\u00e9npersoonsbedden ; <img loading=\"lazy\" width=\"1872\" height=\"1500\" class=\"wp-image-470\" style=\"width: 300px;\" src=\"http:\/\/www.gitelatilette.be\/wp-content\/uploads\/2020\/06\/chambre-3-1.jpg\" alt=\"\" srcset=\"https:\/\/www.gitelatilette.be\/wp-content\/uploads\/2020\/06\/chambre-3-1.jpg 1872w, https:\/\/www.gitelatilette.be\/wp-content\/uploads\/2020\/06\/chambre-3-1-300x240.jpg 300w, https:\/\/www.gitelatilette.be\/wp-content\/uploads\/2020\/06\/chambre-3-1-1024x821.jpg 1024w, https:\/\/www.gitelatilette.be\/wp-content\/uploads\/2020\/06\/chambre-3-1-768x615.jpg 768w, https:\/\/www.gitelatilette.be\/wp-content\/uploads\/2020\/06\/chambre-3-1-1536x1231.jpg 1536w, https:\/\/www.gitelatilette.be\/wp-content\/uploads\/2020\/06\/chambre-3-1-1200x962.jpg 1200w\" sizes=\"(max-width: 709px) 85vw, (max-width: 909px) 67vw, (max-width: 1362px) 62vw, 840px\" \/><\/p>\n\n\n\n<p class=\"has-text-align-left\">&#8211; Kamer 4met 3 \u00e9\u00e9npersoonsbedden \u2013 een priv\u00e9 douchekamer (lavabo en douche) ; <img loading=\"lazy\" width=\"528\" height=\"712\" class=\"wp-image-471\" style=\"width: 300px;\" src=\"http:\/\/www.gitelatilette.be\/wp-content\/uploads\/2020\/06\/chambre-4-1.jpg\" alt=\"\" srcset=\"https:\/\/www.gitelatilette.be\/wp-content\/uploads\/2020\/06\/chambre-4-1.jpg 528w, https:\/\/www.gitelatilette.be\/wp-content\/uploads\/2020\/06\/chambre-4-1-222x300.jpg 222w\" sizes=\"(max-width: 528px) 85vw, 528px\" \/><\/p>\n\n\n\n<p>&#8211; Kamer 5 met 2 \u00e9\u00e9npersoonsbedden ; <img loading=\"lazy\" width=\"1983\" height=\"1499\" class=\"wp-image-472\" style=\"width: 300px;\" src=\"http:\/\/www.gitelatilette.be\/wp-content\/uploads\/2020\/06\/chambre-5-1.jpg\" alt=\"\" srcset=\"https:\/\/www.gitelatilette.be\/wp-content\/uploads\/2020\/06\/chambre-5-1.jpg 1983w, https:\/\/www.gitelatilette.be\/wp-content\/uploads\/2020\/06\/chambre-5-1-300x227.jpg 300w, https:\/\/www.gitelatilette.be\/wp-content\/uploads\/2020\/06\/chambre-5-1-1024x774.jpg 1024w, https:\/\/www.gitelatilette.be\/wp-content\/uploads\/2020\/06\/chambre-5-1-768x581.jpg 768w, https:\/\/www.gitelatilette.be\/wp-content\/uploads\/2020\/06\/chambre-5-1-1536x1161.jpg 1536w, https:\/\/www.gitelatilette.be\/wp-content\/uploads\/2020\/06\/chambre-5-1-1200x907.jpg 1200w\" sizes=\"(max-width: 709px) 85vw, (max-width: 909px) 67vw, (max-width: 1362px) 62vw, 840px\" \/><\/p>\n\n\n\n<p>&#8211; Er zijn 3 babybedjes beschikbaar ;<\/p>\n\n\n\n<p class=\"has-text-align-left\">&#8211; E\u00e9n doucheruimte (een dubbele lavabo + een douche + een toilet) ; <img loading=\"lazy\" width=\"1296\" height=\"1728\" class=\"wp-image-473\" style=\"width: 300px;\" src=\"http:\/\/www.gitelatilette.be\/wp-content\/uploads\/2020\/06\/101633418_258586098912099_5667011142921224192_n-2.jpg\" alt=\"\" srcset=\"https:\/\/www.gitelatilette.be\/wp-content\/uploads\/2020\/06\/101633418_258586098912099_5667011142921224192_n-2.jpg 1296w, https:\/\/www.gitelatilette.be\/wp-content\/uploads\/2020\/06\/101633418_258586098912099_5667011142921224192_n-2-225x300.jpg 225w, https:\/\/www.gitelatilette.be\/wp-content\/uploads\/2020\/06\/101633418_258586098912099_5667011142921224192_n-2-768x1024.jpg 768w, https:\/\/www.gitelatilette.be\/wp-content\/uploads\/2020\/06\/101633418_258586098912099_5667011142921224192_n-2-1152x1536.jpg 1152w, https:\/\/www.gitelatilette.be\/wp-content\/uploads\/2020\/06\/101633418_258586098912099_5667011142921224192_n-2-1200x1600.jpg 1200w\" sizes=\"(max-width: 709px) 85vw, (max-width: 909px) 67vw, (max-width: 1362px) 62vw, 840px\" \/><\/p>\n\n\n\n<p>&#8211; Een volledige badkamer (een bad \u2013 een lavabomeubel \u2013 een babytafeltje \u2013 een toilet) ; <img loading=\"lazy\" width=\"1920\" height=\"2560\" class=\"wp-image-474\" style=\"width: 300px;\" src=\"http:\/\/www.gitelatilette.be\/wp-content\/uploads\/2020\/06\/IMG_20200527_222558-3-scaled.jpg\" alt=\"\" srcset=\"https:\/\/www.gitelatilette.be\/wp-content\/uploads\/2020\/06\/IMG_20200527_222558-3-scaled.jpg 1920w, https:\/\/www.gitelatilette.be\/wp-content\/uploads\/2020\/06\/IMG_20200527_222558-3-225x300.jpg 225w, https:\/\/www.gitelatilette.be\/wp-content\/uploads\/2020\/06\/IMG_20200527_222558-3-768x1024.jpg 768w, https:\/\/www.gitelatilette.be\/wp-content\/uploads\/2020\/06\/IMG_20200527_222558-3-1152x1536.jpg 1152w, https:\/\/www.gitelatilette.be\/wp-content\/uploads\/2020\/06\/IMG_20200527_222558-3-1536x2048.jpg 1536w, https:\/\/www.gitelatilette.be\/wp-content\/uploads\/2020\/06\/IMG_20200527_222558-3-1200x1600.jpg 1200w\" sizes=\"(max-width: 709px) 85vw, (max-width: 909px) 67vw, (max-width: 1362px) 62vw, 840px\" \/><\/p>\n\n\n\n<p>&#8211; Een ontspanningsruimte&nbsp;\/&nbsp; bibliotheek <\/p>\n\n\n\n<p><strong>Gelijkvloers : <\/strong><\/p>\n\n\n\n<p>&#8211; Een hal ;<\/p>\n\n\n\n<p>&#8211; Een zitkamer met TV en een pelletkachel ;<\/p>\n\n\n\n<p>&#8211; Een eetkamer ;<\/p>\n\n\n\n<p>&#8211; Een ingerichte keuken:&nbsp; vitrokeramische kookplaat \u2013 een oven \u2013 een microgolfoven \u2013 een koelkast&nbsp; en diepvriezer \u2013 een afwasmachine en \u00e9\u00e9n koffiezetapparaat ;<\/p>\n\n\n\n<p>&#8211; Een wasruimtemet douche, lavabo, wasmachine, strijkijzer en strijkplank;<\/p>\n\n\n\n<p>&#8211; Een bergruimte met uitstortgootsteen, stofzuiger en schoonmaak spullen ;<\/p>\n\n\n\n<p>&#8211; Twee aparte toiletten ;<\/p>\n\n\n\n<p>&#8211; Een ontspanningsruimte met piano.<\/p>\n\n\n\n<p><strong>Kelder : <\/strong><\/p>\n\n\n\n<p>Een ontspanningsruimte met kicker, darten eenbar met een heel ruime en groene buitenplaats om zich te ontspannen en te amuseren in een goede sfeer.<\/p>\n\n\n\n<p><strong>Buiten : &#8211; bezig &#8211; <\/strong><\/p>\n\n\n\n<p>Terras, barbecue, tuinmeubilair, grasperk en priv\u00e9 parking.<\/p>\n","protected":false},"excerpt":{"rendered":"<p>Het huisje bestaat uit : Eerste verdieping : &#8211; Kamer 1 met 2 \u00e9\u00e9npersoonsbedden ; &#8211; Kamer 2 met 3 \u00e9\u00e9npersoonsbedden ; &#8211; Kamer 3 met 2 \u00e9\u00e9npersoonsbedden ; &#8211; Kamer 4met 3 \u00e9\u00e9npersoonsbedden \u2013 een priv\u00e9 douchekamer (lavabo en douche) ; &#8211; Kamer 5 met 2 \u00e9\u00e9npersoonsbedden ; &#8211; Er zijn 3 babybedjes beschikbaar &hellip; <a href=\"https:\/\/www.gitelatilette.be\/index.php\/nl\/het-huisje\/\" class=\"more-link\">Continuer la lecture<span class=\"screen-reader-text\"> de &laquo;&nbsp;Het huisje&nbsp;&raquo;<\/span><\/a><\/p>\n","protected":false},"author":1,"featured_media":72,"parent":0,"menu_order":0,"comment_status":"closed","ping_status":"closed","template":"","meta":{"_monsterinsights_skip_tracking":false,"_monsterinsights_sitenote_active":false,"_monsterinsights_sitenote_note":"","_monsterinsights_sitenote_category":0},"_links":{"self":[{"href":"https:\/\/www.gitelatilette.be\/index.php\/wp-json\/wp\/v2\/pages\/382"}],"collection":[{"href":"https:\/\/www.gitelatilette.be\/index.php\/wp-json\/wp\/v2\/pages"}],"about":[{"href":"https:\/\/www.gitelatilette.be\/index.php\/wp-json\/wp\/v2\/types\/page"}],"author":[{"embeddable":true,"href":"https:\/\/www.gitelatilette.be\/index.php\/wp-json\/wp\/v2\/users\/1"}],"replies":[{"embeddable":true,"href":"https:\/\/www.gitelatilette.be\/index.php\/wp-json\/wp\/v2\/comments?post=382"}],"version-history":[{"count":2,"href":"https:\/\/www.gitelatilette.be\/index.php\/wp-json\/wp\/v2\/pages\/382\/revisions"}],"predecessor-version":[{"id":475,"href":"https:\/\/www.gitelatilette.be\/index.php\/wp-json\/wp\/v2\/pages\/382\/revisions\/475"}],"wp:featuredmedia":[{"embeddable":true,"href":"https:\/\/www.gitelatilette.be\/index.php\/wp-json\/wp\/v2\/media\/72"}],"wp:attachment":[{"href":"https:\/\/www.gitelatilette.be\/index.php\/wp-json\/wp\/v2\/media?parent=382"}],"curies":[{"name":"wp","href":"https:\/\/api.w.org\/{rel}","templated":true}]}}